f?
9
Let p(j) = 76*j - 373. Let v(g) = 3*g**2 + 21*g + 58. Let a be v(-4). What is the hundreds digit of p(a)?
2
Suppose -l = 31 - 7. Let d be 1239/l - (0 + (-3)/(-8)). What is the units digit of (6 + d)/(4/(-10))?
5
Let t(d) = 84*d**2 - 1449*d + 4. What is the hundreds digit of t(20)?
6
Let i(s) = -s**2 - 9*s + 2. Let w be i(-12). Let a = 36 + w. Suppose 2*r + 25 - 187 = -a*z, -2*r = 4*z - 322. What is the tens digit of z?
8
Let o(h) = h + 9. Let r be o(-6). Let j be -20 + 0 - (6 - r). Let l = j - -46. What is the units digit of l?
3
Let c = 21 - 17. Suppose b - 3*x = 34 + 40, 3*b + c*x - 209 = 0. Let z = 111 - b. What is the tens digit of z?
4
Suppose v - 6 = -3. Suppose -2*y = 0, 24 = 6*p - v*p - 4*y. Suppose -9 - 135 = -p*s. What is the units digit of s?
8
Suppose 4*l + 25 = -3*g, -5*l + 2*g - 6 - 8 = 0. Let d(o) = 19*o**2 + o + 3. Let i be d(-2). Let x = l + i. What is the tens digit of x?
7
Suppose -2*u = -1 - 5, 10 = -g + 2*u. Suppose -3*k + 853 = -41. What is the tens digit of (2/g)/((-1)/k)?
4
Let v be 1/1 + 957/11. Suppose -3*k - v = k. Let r = 37 + k. What is the units digit of r?
5
What is the tens digit of (-1848418)/(-462) + 3/((-189)/(-6))?
0
Suppose 10 = -2*n - 5*p, 0*n - 3*n + 2*p = -23. Suppose z - n*a - 138 - 79 = 0, 3*a = -z + 185. Let h = z + -136. What is the tens digit of h?
6
Suppose -13*j + 6*j = -4*j. Let u be j*4/(-20) + 0. Suppose u = 5*p, -2*p + 235 = 5*l - 4*p. What is the tens digit of l?
4
Let z(m) = -18*m + 4. Let d be z(3). Let k be ((-323)/34)/(1/2). Let t = k - d. What is the tens digit of t?
3
Let j = 27 - 25. Suppose o + 99 = -5*n, -j*n - 8*o + 3*o = 58. Let p(y) = -y**3 - 17*y**2 + 25*y - 43. What is the tens digit of p(n)?
0
Suppose 0 = -3*w - 5*f + 38306 + 156953, -4*w = 6*f - 260342. What is the ten thousands digit of w?
6
Suppose -4*j + 41145 + 18439 = -0*j. What is the hundreds digit of j?
8
Let k(t) = 9*t**2 + 6*t + 25. Let u(c) = 5*c**2 + 3*c + 12. Let a(y) = -4*k(y) + 7*u(y). Let n be a(-5). Let s = n - -38. What is the tens digit of s?
1
What is the units digit of (-887326)/(-154) - 18/21?
1
Suppose -5*o + 3677 = 68*h - 72*h, 2*h = 5*o - 3681. What is the tens digit of o?
3
Let n = 363 - 231. Suppose -q - d = -n, 2*q - 5*d + 126 = 397. What is the units digit of q?
3
Suppose 22*g - 37 = 73. Suppose -2*z + 1 - g = 0, 3323 = 5*u - 4*z. What is the tens digit of u?
6
Let b = -41 - -62. Suppose 24*a = b*a + 48. Suppose -3*t - 3 = -2*g + 7, -3*g + 5*t + a = 0. What is the units digit of g?
2
Suppose 8 = -5*i - 4*y, -5*y = 4*i - 7*i + 10. Suppose i = -2*q + 223 - 13. What is the tens digit of q?
0
Suppose -38*c = -34*c - 5*f - 10352, -12940 = -5*c - 5*f. What is the hundreds digit of c?
5
Let s(o) = -o - 4. Let f be s(4). Let h be 6/f*(0 + -4). Suppose 0 = h*a + 4*u - 104, -a + 0 = -4*u - 40. What is the units digit of a?
6
Let s be (-8)/36 + (1 - (-22780)/45). Let j = s + -449. What is the units digit of j?
8
Suppose 112*y + 97*y - 9800028 = -115*y. What is the ten thousands digit of y?
3
Let s be (13/3 + -3)/((-2)/3). Let v(d) be the second derivative of 7*d**4/6 + 2*d**3/3 + 2*d**2 + 9*d. What is the tens digit of v(s)?
5
Let p = 370 + -257. Let m = 54 + p. What is the units digit of m?
7
Let l = 163 + -144. Suppose -13*c + l*c - 1878 = 0. What is the units digit of c?
3
Suppose 5*d = -4*w + 49339, -3*w = -2*d + 6*d - 37005. What is the thousands digit of w?
2
Suppose 0 = -6*r + 13*r + 49. Let l(y) = -41*y + 61. Let o(b) = 42*b - 63. Let p(j) = r*l(j) - 6*o(j). What is the tens digit of p(5)?
2
Let c be 1/(((-3)/1)/24). Suppose 4*a + 16 = -4*d, 5*d - 2*d - 4*a = 9. What is the tens digit of 3/(-12) + (d - 210/c)?
2
Suppose 2*b + 33 = 5*n - 11, -2*b + 46 = 4*n. Let v be n*(-180)/25*-1. Suppose -w + v = -63. What is the units digit of w?
5
Let s(w) = -4*w**2 + 10*w + 57. Let u be s(-32). What is the hundreds digit of -2*(-1 - u/(-6))?
4
Let f be (9/(-18))/((-4)/(-1688)). Let r = f - -73. Let i = r + 299. What is the hundreds digit of i?
1
Let h be -1*45/(-270)*(-1 + 1). Suppose -l = 5*y - 2366, -l + h*l - 1418 = -3*y. What is the tens digit of y?
7
What is the hundreds digit of (((-472)/(-16) - 18) + -14)/(5/(-26482))?
2
Let w(r) = 6*r**2 + 3 + 1 + 2*r - 4 + 4. Let l = 5 - 8. What is the tens digit of w(l)?
5
Let a = 342 + -329. Suppose 0 = -14*d + a*d + 1014. What is the hundreds digit of d?
0
Let x(l) = 97*l - 1. Suppose 0 = -5*c - 49 + 54. Let b be x(c). Suppose 4*h - s - b = 19, -5*h + s + 145 = 0. What is the units digit of h?
0
Suppose 0 = 39*u - 69*u + 1200. What is the thousands digit of 411*u/15 + -6?
1
Let a(h) be the third derivative of h**7/36 - h**6/240 - 3*h**4/8 + 19*h**2. Let q(i) be the second derivative of a(i). What is the tens digit of q(1)?
6
Suppose -4*t + 1 - 2 = 3*z, 0 = 3*t - 6. What is the units digit of (z - -251) + -9 + 3?
2
Let i = 56206 - 24117. What is the thousands digit of i?
2
What is the units digit of (49 - -29)*2240/21?
0
Suppose 10050 = 15*h - 27165. Suppose 18*j = -h + 7197. What is the hundreds digit of j?
2
Let z = -787 - -793. Suppose -9*x = z*x - 13920. What is the tens digit of x?
2
Suppose 1463*n - 4777227 = 1330*n. What is the hundreds digit of n?
9
Let i be (4 - -1)*6/10. Suppose i*r = f - 594, 3*f - 5*r + 610 = 4*f. What is the hundreds digit of f?
6
Suppose 7*a = 219475 + 209044. What is the tens digit of a?
1
Let a = 747 + -1669. Let t = a + 1530. What is the units digit of t?
8
Let o(y) = -3*y + 26. Let l be o(6). Suppose 23*i = 19*i + 12. Suppose 3*v - 2*f - l = 0, -4*v = -7*f + i*f - 8. What is the units digit of v?
4
Suppose 5*f - 4*z = 2716, 4*f - 2*z = -385 + 2553. What is the tens digit of f?
4
Suppose 0 = -f + 4*m - 41, 3*f + 2*f = 3*m - 120. Let z = 28 + f. Suppose -13*q + z*q + 264 = 0. What is the tens digit of q?
4
Let i(z) = 414*z**2 - 2. Let m be i(-3). Suppose 19*d - m = 1216. What is the tens digit of d?
6
Suppose 4*a - 245 = -j, -5*j = -j - 2*a - 926. Let s be (-2 - 0) + 8 + -4. Suppose s*b - j = -2*y - 13, 4*y - 8 = 0. What is the units digit of b?
8
Suppose -25*g + 2*g + 138 = 0. Let l(d) = 22*d - 81. What is the tens digit of l(g)?
5
Let b(j) = -j**3 - j + 55. Let g = 12 + -12. Let t be (g/2)/(-4) - 0. What is the tens digit of b(t)?
5
Suppose 3*z = -h + 2053, -5*h + 9*h - 4 = 0. Suppose 21*q - 19*q - z = 0. What is the units digit of q?
2
Let r = 68 + -56. Let l = r + -10. Suppose 2*j = 6, f + l*j = -j + 49. What is the tens digit of f?
4
What is the tens digit of (-54)/21 + 24056208/504?
2
Suppose 0 = -5*r + 2*g + 142, -8 = -4*g + 2*g. Suppose 205 + r = 5*q. Let t = q - -6. What is the units digit of t?
3
Let w(l) = 3*l**2 + 154*l - 727. What is the units digit of w(-73)?
8
Suppose 2*j = 2*b - j + 29, -5*b + 2*j = 78. Let h be ((-4)/b)/((-2)/(-8)). Suppose -3*a + h = 7, 4*z - 192 = -4*a. What is the units digit of z?
0
Let t be 20/130 + (-46205)/(-65). What is the units digit of 3 + (0 - -1) + -8 + t?
7
Suppose 17*m - 12*m = -30. Let c(y) = -68*y - 1. What is the tens digit of c(m)?
0
Let z(r) = 32*r**3 - r**2 + r + 2. Let p be z(-4). What is the units digit of 11/(-132) - p/24?
6
Let t(j) = j**2 - 9*j + 19. Let f be t(7). Suppose f*n + 123 = 2*n. Let l = 97 + n. What is the tens digit of l?
5
Let m(q) = q**2 - 15*q - 6. Let z be m(18). Let d = z - 38. What is the tens digit of 1096/d + 9/(-15)?
0
Let i(m) = m**3 - 24*m**2 + 34*m - 20. Let f be i(24). Suppose 0 = -3*q - f + 2563. What is the units digit of q?
9
Let f = 461 + -104. Let y be (7 + (-3 - 3))*(-12067)/(-11). Suppose -f = 4*t - y. What is the tens digit of t?
8
Let o(j) = -j**3 + 3*j**2 + 9*j - 11. Let b be o(10). Let h = -248 - b. What is the hundreds digit of h?
3
Suppose 3*s + 0 = 4*i - 22, 28 = -4*s + 4*i. Let q be 32/s*18/(-12). Suppose q = f + 3*f, 0 = 4*u - 4*f - 432. What is the hundreds digit of u?
1
Let z(m) = -19*m + 51. Let q be z(2). What is the tens digit of q/(-5 + 128*6/153)?
6
Let q be (-4)/(-18) - 295/(-9). Let p(c) = -29*c - 3 + 14*c**2 - 3*c**2 + q*c. What is the tens digit of p(1)?
1
Let j = -364 + 110. Let o = -28 - j. What is the units digit of o?
6
Suppose -3*f + 6*k = 4*k + 159, 0 = -2*f + 5*k - 106. Let a = 94 + f. What is the tens digit of a?
4
Let q = 9906 + -6844. What is the tens digit of q?
6
Let c(i) = 6*i**2 + 2*i**2 - 474*i + 457*i